4 + 9212/8 a prime number?
True
Let h be ((-58)/8)/(42/(-36792)). Suppose 3*v - h - 6252 = 0. Is v composite?
False
Let f = 681 - 676. Suppose -4*d - 47131 = -6*n + 3*n, -3*n = f*d - 47149. Is n a prime number?
False
Let c(d) = d**2 - 11*d - 31. Let g be c(14). Suppose g*j - 4*n - 44 = 7*j, -2*j - 8 = 4*n. Is 2/(-8)*79*(-48)/j a prime number?
False
Let y(m) = -16*m**3 - 10*m**2 + 10*m + 26. Let x be y(9). Is 18/(-42) - x/7 a composite number?
True
Suppose -4 - 12 = -4*o. Suppose -5*i + o*a + 14165 = 0, 5*i + 3*a - 14195 = a. Is i prime?
True
Let a = -1135 - -2054. Let v = 2864 - a. Is v a prime number?
False
Suppose 76*i + 1332589 - 9671081 = 0. Is i prime?
True
Suppose 7*b - 3*b - 56 = 0. Let j(x) = 268*x + 155. Is j(b) a prime number?
True
Let f be 6/((0 + 2/(-8))*2). Let g(p) = -p**3 - 13*p**2 - 10*p + 17. Let o be g(f). Is 10108/49 - (-2)/o a prime number?
False
Let j(m) = -12*m - 10. Let i be j(-1). Suppose 2*r - i*k - 2954 = 0, r + 3*r - 5908 = 3*k. Is r prime?
False
Let m = 28287 - -23684. Is m composite?
False
Let a = 8464142 + -3980089. Is a a composite number?
True
Suppose -2*h = 63 - 71. Suppose -5*j + 7*a - 10 = 2*a, -2*a + h = 4*j. Suppose -p = -2*s + 1085, -3*s - p = -j*s - 1620. Is s a prime number?
True
Let f = -31144 + 91005. Is f a composite number?
True
Let c be (-3)/(-5) + (-162)/270. Let i(m) be the first derivative of -m**3/3 - m**2/2 + 149*m - 2. Is i(c) a prime number?
True
Let r(y) = 11 - 2 - y**3 + 40*y - 56*y - 6*y**2. Let h be r(-13). Suppose 0 = 2*t - 10, -116 = -i - t + h. Is i composite?
False
Let w(z) = z**3 + 5*z**2 + z + 7. Let y be w(-5). Suppose -y - 6 = -4*m. Suppose 5*p + f = 2281 + 506, -2*f - 1110 = -m*p. Is p prime?
True
Suppose 0 = 46*g - 1226129 - 6049434 - 1373403. Is g a composite number?
False
Suppose -2*d - 3*d = i - 4, 5*i - 3*d = 132. Let a(n) = i*n + 29*n + 7*n + 31. Is a(11) a prime number?
True
Let d(c) = 1 + 1911*c - 1913*c + 6 + 887*c**2. Is d(4) composite?
True
Suppose 3*c - 98395 = -2*b, 51805 - 199387 = -3*b - c. Is b composite?
False
Let c(y) = -2081*y**3 - 26*y**2 - 3*y + 15. Is c(-6) composite?
True
Let p(c) = 2*c**2 + 11*c + 3. Let i be p(-6). Let y be 2*(i/(-6) + 3) + 2. Suppose -y*h = h - 870. Is h composite?
True
Let q(p) = -18518*p**3 + 3*p**2 + 55*p + 167. Is q(-3) prime?
False
Let q(t) = t**2 - 2*t - 4. Let d be q(-2). Let f be 48/(d/(-24)*-2). Suppose -3*a = -483 - f. Is a a prime number?
False
Let c(j) = j**3 - j**2 - j + 12. Let i be -4 + 2 + 4 + -2. Let m be c(i). Is 2/4*36312/m a prime number?
False
Let v(y) = 8056*y - 313. Is v(17) prime?
False
Is (8 + -2069738)/(-10) - -20 a prime number?
True
Let f = -70430 - -315601. Is f a composite number?
False
Let l(q) = 311*q**2 - 27*q + 1643. Is l(29) composite?
False
Is (660224132/(-2455))/(4/(-5)) a composite number?
False
Let q(b) = -740*b - 3. Let z(p) = -p**3 - 6*p**2 + 8*p - 11. Let u be z(-8). Let d = u - 54. Is q(d) prime?
False
Suppose -295*n - 225445 = -300*n. Is n a prime number?
False
Suppose -5*f + 10 = 0, -18 = -2*w - 0*w - 5*f. Suppose c + 2*y - 14025 = -1942, w*c - y - 48314 = 0. Is c prime?
False
Is (-4479783)/(-56) - (-77)/88 prime?
True
Let f(u) = -55*u + 17. Let w(g) = 19*g**2 - 1. Let y(p) = -19*p**2 + 1. Let l(q) = 4*w(q) + 5*y(q). Let s be l(1). Is f(s) a prime number?
False
Suppose 507*v - 610580 = 487*v. Is v composite?
False
Let h = -1482 + -264. Let d = -1055 - h. Is d composite?
False
Let t = -675 - -1796. Let u = t - 296. Let y = u + -434. Is y prime?
False
Let c be -6*-365*(36/20 + -2). Let g = c + 235. Let f = 380 + g. Is f a composite number?
True
Let m(w) = 6*w + w**2 + 41*w - 43 - w**2 + 7*w**2. Is m(-23) a prime number?
True
Let v(g) = -60495*g - 685. Is v(-2) composite?
True
Let k be 3/((-3)/(-18) + 30/(-99)). Let x = 1297 - k. Suppose i + 331 = t, 4*t = -0*i + 3*i + x. Is t a composite number?
True
Suppose -q - 7 + 9 = 0. Let r be -458*q*120/(-16). Suppose f - 6860 = -3*u, 2*u = 5*u + 3*f - r. Is u composite?
True
Suppose 22*z + 255*z = 106540 + 1724153. Is z composite?
True
Suppose -75680 - 88232 = -18*n + 26294. Is n composite?
False
Suppose 9 = -3*b, 5*z + 13*b = 12*b + 3581152. Is z a composite number?
True
Is ((-125)/30 + 4)*(-624190 + 1)*2 composite?
True
Suppose 5*j - 4*o - 9178 = 8521, 5*o - 20 = 0. Suppose -8*x + 4273 + j = 0. Is x prime?
True
Let u be 2*(3 + (-35013)/(-6)). Suppose 8*n = u + 9627. Suppose 0 = 6*d - n - 691. Is d prime?
False
Let k(v) = 14235*v**2 - 128*v - 11. Is k(6) a composite number?
True
Let v = -49 - -29. Let i be ((-46152)/90)/(2/v). Suppose -3*b = -11*b + i. Is b composite?
False
Let c(g) = -3*g**3 - 22*g**2 - 18*g - 30. Let s be c(-13). Suppose s = m + 4*n, -2*m + 5*n + 1244 = -4936. Is m composite?
True
Let h(g) = -18*g**3 - 11*g**2 + 57*g + 139. Is h(-16) a composite number?
False
Let c be 29/(-2)*(-28)/(-2). Let g = c - -378. Let h = g + -78. Is h a composite number?
False
Let a be 3*1*(9 + -8) - 0. Suppose -a*q - 5*p + 4003 = -3449, -2*q + 4963 = 5*p. Is q composite?
True
Let x = -367 + 357. Suppose -5*j = -3*m - 28, 3*m = 3*j + 5*m - 13. Is (-1194)/(-4) + j/x a prime number?
False
Let d = 80 - 83. Let h be (273/(-3) + -1)/(2 + d). Suppose -18 = -5*s + h. Is s composite?
True
Let n(c) = -265*c - 63. Let x be n(5). Let h = -421 - x. Is h a composite number?
False
Suppose 5*n - 5*i - 35 = 0, -2*i - 37 = -5*n - 5. Suppose 3881 = n*t - 6637. Is t prime?
True
Let m(d) = 162*d - 48. Let o be m(12). Suppose 27*a - 19*a - o = 0. Is a a composite number?
True
Let h = -838 - -2143. Let l be 0/(-2) + (2/1 - -2). Is (l/5)/((-3)/(h/(-6))) a prime number?
False
Let y = -151341 - -220402. Is y a prime number?
True
Let b be 1 + (6/(-3) - -44) + -3. Suppose -36*c - 2460 = -b*c. Let w = 146 + c. Is w a composite number?
False
Suppose 19*i - 1661824 = 9093373. Is i a prime number?
False
Suppose 0 = -0*m + 2*m - 10. Let a(y) = -236*y + 8. Let i be a(-8). Suppose -m*z + q + i = 0, 3*z - q - 1138 = -0*z. Is z composite?
False
Let p(j) = -807*j + 4201. Is p(-64) a prime number?
True
Let j = -69506 + 113007. Is j a prime number?
False
Let c(d) = d**2 + 3*d - 6. Let y be c(-5). Suppose y*x - 20 = -4*g, 2*g = -0*g + x + 19. Suppose -4*t = -44 - g. Is t composite?
False
Is ((-24)/(-27))/4 - (-21427090)/(-180)*-2 composite?
False
Is (29/87*-5)/(2/(-1491942)) a prime number?
False
Is (316/16)/(((-1)/(-3))/((-44464)/(-84))) a composite number?
True
Let p = -63381 - -112354. Is p prime?
True
Suppose 470*i + 1561696 = 502*i. Is i a composite number?
True
Let r = 222 + -218. Suppose r*u - v - 4516 = 2852, v = 5*u - 9209. Is u prime?
False
Suppose 12*j + 254276 = 56*j. Is j composite?
False
Suppose -13*b + 762 = -200. Let f = -67 + b. Suppose s = y + 859, -f*y = -4*y - 12. Is s a composite number?
False
Let j be (-62)/(-2) + (-4 - -8). Suppose -64 - j = -s. Suppose -7*a + s = -300. Is a a composite number?
True
Let x = 173 + -98. Is (-326804)/(-28) + 3 + x/(-21) prime?
False
Let i(w) = 6*w + 43. Let a be i(-2). Suppose a*m - 36*m + 12355 = 0. Is m a composite number?
True
Let a be 6780/(-80)*1*-4. Let w = a + -235. Let l = w + -35. Is l prime?
False
Let a(i) = 331*i**3 + i**2 + 2*i - 3. Suppose 0 = 5*j - 0*p - 3*p - 8, -3*j = 4*p + 1. Is a(j) prime?
True
Suppose 22003 + 7364 = 3*d. Suppose -7*r = -d - 5968. Is r a prime number?
True
Suppose -15 = 12*g - 15*g. Suppose -3*z - g*t + 4073 = 0, z + 5*t = 282 + 1069. Is z a prime number?
True
Let i(z) = -z**3 + 5*z**2 - z + 7. Let f be i(5). Suppose -938 = -f*d - 2*n, 0 = d + 4*d - 5*n - 2395. Suppose 6*a = 2328 + d. Is a composite?
False
Let b be (-1)/(-10) - 2262/(-580). Suppose -1187 = -f + b*r, -4*f + 2*r + 1035 + 3657 = 0. Is f composite?
False
Is (-8768265)/(-132) - (-3)/4 prime?
False
Is (-30)/45 - 116725/(-15) prime?
False
Suppose 4837202 + 65964 = 74*j. Is j a composite number?
True
Let i be (-385)/10 - 3/2. Let x(v) = -96*v + 271. Is x(i) a composite number?
False
Let c = -15791 + 146692. Is c prime?
False
Suppose 6075 = 4*n - 5*o - 557382, -2*n + 5*o = -281731. Is n a prime number?
True
Let b = 176639 + 118046. Is b a prime number?
False
Suppose 3*v + 4*x - 3080 = 0, 3*v + 3*x - 5137 = -2*v. Suppose 0*n = 3*n - 6. Suppose n*g + 2*g - v = 0. Is g prime?
True
Suppose 10*r - 7 = 9*r, -5*r - 5788310 = -5*n. Is n prime?
True
Let t b